*r - 28 = -3*j, 15 = -r + 2*j + 2. Let w = r + 29. What is the highest common divisor of 60 and w?
12
Suppose -3*b - 3*a = -15, 6*a - a = 4*b + 25. Suppose b*v + 104 = 4*v. What is the greatest common factor of 234 and v?
26
Let t be (-4)/22 - 534/(-33). Suppose 5*j + t = -9. Let m be -1 - (j - (2 + 0)). What is the greatest common divisor of m and 54?
6
Let q be 0 + (1 - (4 + -2)). Let w be 1*(-1)/(3/(-81)). Let v be w + (0 + -1)*q. What is the greatest common factor of v and 70?
14
Suppose -610 = -3*b + 2*m, -5*m - 965 = -5*b + 60. What is the highest common divisor of b and 25?
25
Let w(b) = -132*b - 1. Let p be w(-1). Suppose 5*u - u + q = p, -u - 5*q + 47 = 0. What is the highest common factor of 4 and u?
4
Let f(t) = t**2 - 4*t. Suppose -s = -2*s - 3*y - 11, -5*y = -2*s + 33. Suppose -15 = s*l + 1. Let h be f(l). What is the greatest common divisor of 16 and h?
16
Suppose 0 = -4*u + 2*q - 10, 2*u = -2*q + 5 + 5. Let o = 2 + 0. Suppose 3*c + o*c - 480 = u. Calculate the highest common divisor of 12 and c.
12
Let g(a) = -a**3 + 8*a**2 - a - 2. Suppose -28 = -5*r + 7. Let t be g(r). Let x(f) = -3*f - 7. Let u be x(-5). Calculate the highest common divisor of t and u.
8
Let n be (-16)/(-10)*770/44. Suppose -164 - 75 = -3*w + 5*l, -2*w + 2*l = -162. Let b = w + -41. Calculate the greatest common divisor of n and b.
14
Let m(b) = -b**3 - 5*b**2 - b + 1. Let n be m(-5). Suppose -2*z = -z - n. Calculate the highest common factor of 54 and z.
6
Let y be (-4 - -4) + -4 + 52. Calculate the greatest common divisor of 8 and y.
8
Suppose -5*r = l - 23, 6*l - 2*r - 7 = l. Calculate the highest common factor of l and 3.
3
Let d be ((-2)/(-4))/(1/6). Let b be 15 + 3 - (-1)/1. Let c = b - -2. What is the highest common divisor of d and c?
3
Suppose -2*f = f. Let r be -1 + (f - -1) - -50. Calculate the greatest common factor of r and 20.
10
Let h be 7 + (-2 - 2) - -2. Calculate the highest common factor of 20 and h.
5
Suppose 2*o = 6*o - 96. What is the highest common factor of o and 16?
8
Suppose 3*q = -q + 16. Let p be 592/20 + q/10. Let y = -11 + 17. What is the greatest common divisor of p and y?
6
Let g = 162 - 52. Let s(m) = -8*m - 86. Let a be s(-12). Calculate the highest common factor of g and a.
10
Let c be ((-1)/3)/(2/(-36)). Calculate the greatest common factor of c and 6.
6
Let g = -37 + 45. Calculate the highest common factor of g and 64.
8
Suppose 5*r = z - 11, 2*r - 12 = 7*r - 2*z. Let d be (-4)/(-4)*(r + 6). Suppose -d*b + 176 = -2*b. What is the highest common divisor of b and 8?
8
Suppose -23 = -2*h + 25. Calculate the greatest common factor of h and 24.
24
Suppose 2*n = -3*k + 19, n = 3*k - n - 11. What is the greatest common factor of k and 20?
5
Let j = 2 - 0. Let p = 5 - j. Let h be (17 + p)*(1 + 10). Calculate the greatest common factor of 20 and h.
20
Suppose 4*w = -r + 6, -3*r - 3*w + 4 + 5 = 0. What is the highest common factor of r and 32?
2
Suppose 7 = 2*x - 9. Calculate the greatest common divisor of x and 8.
8
Suppose -n + 5*n = 0. Let x be n*(2 + (-2)/2). Suppose x = 3*t + 2*t + 4*c - 356, -2*t + 148 = -4*c. What is the highest common factor of 9 and t?
9
Let i(p) = -6*p - 1. Let h be i(-1). Suppose -5*c + 4*m - 3*m + 47 = 0, 55 = h*c - 5*m. Calculate the greatest common factor of 9 and c.
9
Suppose -8 = -3*r + 1. Suppose -5*g + 3*c + 126 = -10, r*g - 2*c - 82 = 0. Calculate the highest common factor of g and 286.
26
Let i = 17 - 15. What is the greatest common factor of i and 8?
2
Suppose 3*j - 9 = 3. Let s(v) = v**2 - 6*v + 6. Suppose -7 = -p + m, 2*p + 2*m - 6 = -0*m. Let y be s(p). Calculate the greatest common divisor of j and y.
1
Suppose 0*r + 7 = 3*f - 5*r, -15 = -4*f + r. Suppose f*l + l = 325. Suppose -2*a + l = -a. What is the greatest common factor of a and 13?
13
Let f(z) = z**3 - 5*z**2 - 7*z + 2. Let m be f(6). Let v = m + 6. What is the highest common factor of 18 and v?
2
Suppose -3*n = -3*a - n + 278, n + 94 = a. Calculate the greatest common factor of 135 and a.
45
Let r(u) = -u**3 + 6*u**2 + 13*u - 2. Let f be r(7). Calculate the greatest common divisor of f and 60.
20
Let c = 39 - 30. Calculate the greatest common divisor of c and 45.
9
Suppose -2*t + 11 = -55. Calculate the highest common factor of 11 and t.
11
Let z = 38 + -36. Calculate the highest common factor of 5 and z.
1
Let f(u) = u - u - 3 - 5*u - u. Let c be f(-3). Let x = 4 + 11. Calculate the highest common divisor of x and c.
15
Suppose 4*v - w + 85 = 5*v, 0 = 5*w - 25. Suppose 6*z = z + v. Calculate the greatest common factor of z and 32.
16
Let v = -14 - -14. Suppose v = -3*u + 80 + 1. Suppose -5*z - 2*s + 0*s + 43 = 0, -2*s = 2. What is the greatest common divisor of z and u?
9
Let b(c) = c**2 + 2. Let h be b(-5). Suppose -2*q + 8 = r, -4*r = -0*q - q + 4. Suppose -2*m + 22 = q. Calculate the highest common factor of h and m.
9
Suppose -2*c = -3*m - 28, c + 0*c - m - 14 = 0. Calculate the greatest common factor of c and 126.
14
Let t be -2*(-1 - (-3 + 1)). Let k(o) = -10*o**3 - 4*o**2 - 3*o. Let n be k(t). Let j = 37 - 9. Calculate the greatest common factor of j and n.
14
Let i be 882/10 + (-1)/5. Calculate the highest common divisor of 8 and i.
8
Suppose o + 54 = -8. Let p = o - -24. Let n = p + 56. Calculate the greatest common factor of n and 108.
18
Let c(h) = 3*h**2 + 15*h + 6. Let f be c(-6). Calculate the highest common divisor of f and 8.
8
Suppose 5*u - 4 + 17 = k, 2*k + 2 = -4*u. Let g be 28 + -2 + k + 1. Calculate the greatest common divisor of 12 and g.
6
Let s(q) = 14*q + 5. Let w be s(8). What is the highest common factor of 13 and w?
13
Let i(o) = -o. Let f be i(-5). Suppose f*r = r. Suppose -4*u + 12 = -r. Calculate the highest common divisor of u and 15.
3
Suppose 20 = 4*b - 4*k, 0 = -5*b - 5*k - 5 + 40. What is the greatest common factor of b and 54?
6
Let o be ((-2)/(-1))/(8/(-172)). Let f = 27 + o. Let p be (f - 0)*(-65)/10. Calculate the highest common divisor of p and 13.
13
Let r be (-5 + 0)*(-24)/8. What is the highest common divisor of r and 10?
5
Suppose 0 = -0*g - 4*g + 5*m + 916, -5*g - 5*m = -1190. Calculate the greatest common factor of 18 and g.
18
Let u = 222 - 410. Let d be 4/12 - u/12. Suppose 20 = 5*g + 2*w, 4*g - 2*w + 0 + 2 = 0. Calculate the greatest common factor of g and d.
2
Let d(v) = -v + 37. Let y be d(11). What is the highest common divisor of y and 13?
13
Suppose -o - 3*w = -24, -4*o + 2*w = w - 96. Let t = -1 - -2. Let y be 36 + (t - (3 + -2)). Calculate the greatest common divisor of y and o.
12
Let c be (-6)/((-18)/21)*20/2. What is the highest common factor of c and 10?
10
Let m be (0 - 3)/((-12)/8). Suppose -3*u = -2*c + 1, 4*u + 5*c - 27 = m*c. Calculate the highest common divisor of 33 and u.
3
Let w(h) = 2*h + 4. Let t be w(6). Let m = t + -8. Suppose -5*i = -57 - m. What is the highest common factor of 104 and i?
13
Let c = 122 + -78. Calculate the highest common factor of 33 and c.
11
Suppose 2*h - 5*u - 25 = 0, 4 + 8 = h - 2*u. Let w be (-2)/(-9) - 266/(-18). What is the greatest common factor of w and h?
5
Let n be 5/((-10)/(-3))*2. Suppose n*z = 11 - 2. Suppose 4*a - z = 157. What is the greatest common factor of 5 and a?
5
Let x be (-60 - 0)/(2 + -3). Let f(r) = 8*r - 1. Let k be f(2). Calculate the highest common factor of x and k.
15
Let x(q) = 3*q**2 + 5*q. Let a be x(-5). Let j = -73 + 148. Calculate the highest common factor of a and j.
25
Let a(m) = m + 4. Let y be a(0). Let s = -3 - -6. Suppose y*i = s*i + 11. What is the highest common factor of 55 and i?
11
Let z(x) be the first derivative of x**2/2 + 5*x + 2. Let q be z(10). What is the greatest common factor of 3 and q?
3
Let c = 0 + -6. Let d = c - -6. Let g = d + 2. What is the highest common divisor of 4 and g?
2
Suppose 0 = w + 2*x - 3*x - 7, -3*w + 13 = -x. Calculate the highest common factor of 21 and w.
3
Let q(t) = t**2 - 10*t + 2. Let x be q(10). Let m(k) = 3 - 11*k - 3*k**2 + 2*k**x - 7. Let v be m(-7). Calculate the greatest common factor of 60 and v.
12
Let p = 22 - 9. Suppose -p*b + 385 = -8*b. What is the greatest common factor of b and 11?
11
Let b = -39 - -55. Calculate the highest common factor of b and 64.
16
Let i be -3 + 36 + (-3 - -2). Let b = -6 - -9. Suppose -4*d + 21 = -u, -4*u = b*d - 0*